t is the highest common factor of 276 and 69?
69
What is the greatest common factor of 45 and 1188?
9
What is the greatest common factor of 56 and 42?
14
What is the highest common divisor of 337 and 1?
1
Calculate the greatest common factor of 23218 and 39.
13
What is the highest common divisor of 50 and 49250?
50
What is the highest common factor of 52 and 13?
13
What is the highest common factor of 2400 and 16?
16
What is the highest common divisor of 556 and 16?
4
What is the greatest common factor of 80 and 128?
16
What is the greatest common factor of 1383 and 6?
3
Calculate the highest common factor of 74 and 4625.
37
Calculate the highest common divisor of 1606 and 22.
22
Calculate the greatest common factor of 2097 and 9.
9
What is the greatest common factor of 1179 and 1048?
131
What is the greatest common factor of 3512 and 32?
8
What is the highest common divisor of 23 and 92?
23
What is the greatest common divisor of 126 and 42?
42
Calculate the greatest common divisor of 174 and 1653.
87
Calculate the highest common divisor of 1 and 5.
1
What is the greatest common factor of 946 and 176?
22
What is the greatest common factor of 672 and 21?
21
What is the greatest common factor of 175 and 3710?
35
What is the highest common divisor of 40 and 48?
8
Calculate the greatest common factor of 37 and 5809.
37
What is the highest common factor of 2079 and 621?
27
Calculate the highest common factor of 296 and 16.
8
Calculate the greatest common factor of 54 and 945.
27
Calculate the highest common divisor of 19 and 475.
19
Calculate the highest common factor of 4400 and 48.
16
What is the highest common factor of 36 and 81?
9
What is the highest common divisor of 171 and 3363?
57
Calculate the highest common factor of 240 and 80.
80
What is the greatest common divisor of 65 and 2106?
13
What is the greatest common factor of 114 and 38589?
57
What is the greatest common divisor of 77 and 231?
77
Calculate the highest common divisor of 26755 and 5.
5
Calculate the highest common factor of 11 and 10.
1
What is the greatest common divisor of 10 and 62510?
10
What is the highest common divisor of 12438 and 144?
18
What is the greatest common factor of 448 and 308?
28
What is the highest common divisor of 15 and 5235?
15
What is the greatest common factor of 30 and 1095?
15
Calculate the greatest common factor of 32 and 28.
4
Calculate the greatest common factor of 153 and 2006.
17
What is the highest common factor of 22 and 17534?
22
Calculate the highest common factor of 928 and 12296.
232
What is the greatest common divisor of 54 and 6?
6
What is the highest common divisor of 30 and 38730?
30
What is the greatest common factor of 5112 and 710?
142
Calculate the highest common factor of 3445 and 10.
5
Calculate the highest common divisor of 61 and 488.
61
Calculate the highest common divisor of 43378 and 246.
82
What is the greatest common divisor of 55440 and 55?
55
What is the greatest common factor of 737 and 33?
11
Calculate the highest common factor of 84 and 126.
42
What is the greatest common divisor of 371 and 53?
53
What is the highest common factor of 169 and 247?
13
Calculate the greatest common factor of 2578 and 2.
2
What is the greatest common divisor of 427 and 273?
7
What is the highest common divisor of 54 and 174?
6
What is the highest common factor of 285 and 2755?
95
What is the highest common divisor of 144 and 54?
18
What is the greatest common divisor of 259 and 185?
37
What is the greatest common factor of 1794 and 2415?
69
Calculate the greatest common divisor of 47731 and 59.
59
What is the highest common divisor of 15 and 3?
3
Calculate the highest common divisor of 136 and 49844.
68
What is the highest common factor of 180 and 2130?
30
What is the highest common divisor of 782 and 340?
34
What is the greatest common divisor of 504 and 42?
42
What is the greatest common factor of 128 and 40?
8
What is the highest common factor of 2 and 330?
2
Calculate the greatest common divisor of 16 and 2768.
16
What is the greatest common factor of 6 and 134?
2
What is the greatest common divisor of 2580 and 60?
60
What is the greatest common factor of 45 and 255?
15
Calculate the highest common factor of 2673 and 55.
11
What is the greatest common divisor of 707 and 808?
101
What is the highest common divisor of 38 and 323?
19
Calculate the greatest common divisor of 552 and 648.
24
Calculate the highest common divisor of 90 and 70.
10
Calculate the greatest common factor of 11 and 176.
11
Calculate the greatest common factor of 9297 and 9.
9
Calculate the highest common factor of 187 and 4455.
11
Calculate the greatest common factor of 53 and 689.
53
Calculate the highest common divisor of 12 and 740.
4
What is the highest common factor of 242 and 2?
2
What is the greatest common factor of 1664 and 52?
52
Calculate the greatest common divisor of 1220 and 3416.
244
What is the highest common divisor of 425 and 17?
17
Calculate the greatest common divisor of 262 and 28558.
262
Calculate the greatest common divisor of 697 and 187.
17
Calculate the greatest common factor of 10 and 45.
5
What is the highest common factor of 16 and 108?
4
Calculate the greatest common divisor of 830 and 180.
10
What is the highest common factor of 215 and 43?
43
Calculate the greatest common divisor of 3780 and 21.
21
Calculate the highest common factor of 151 and 7248.
151
Calculate the greatest common divisor of 70 and 2688.
14
What is the greatest common divisor of 108 and 180?
36
Calculate the highest common factor of 96 and 48.
48
What is the greatest common divisor of 696 and 5800?
232
Calculate the greatest common factor of 629 and 9.
1
What is the greatest common divisor of 50 and 550?
50
Calculate the greatest common factor of 213 and 44943.
213
Calculate the highest common factor of 340 and 12.
4
What is the greatest common divisor of 68 and 493?
17
What is the greatest common divisor of 413 and 944?
59
What is the greatest common factor of 80 and 680?
40
What is the highest common factor of 230 and 80?
10
Calculate the highest common divisor of 572 and 154.
22
Calculate the highest common factor of 35 and 33355.
35
What is the greatest common divisor of 552 and 2323?
23
Calculate the highest common factor of 39 and 1599.
39
Calculate the greatest common divisor of 44 and 1188.
44
Calculate the greatest common divisor of 87 and 1392.
87
Calculate the highest common factor of 2 and 159.
1
Calculate the greatest common divisor of 41 and 779.
41
What is the greatest common divisor of 4899 and 138?
69
What is the highest common factor of 32 and 304?
16
What is the greatest common factor of 990 and 675?
45
Calculate the greatest common factor of 272 and 85.
17
What is the greatest common divisor of 72 and 3816?
72
Calculate the greatest common divisor of 96 and 60.
12
Calculate the highest common divisor of 486 and 18.
18
Calculate the highest common divisor of 400 and 150.
50
What is the highest common divisor of 50 and 310?
10
What is the highest common factor of 14363 and 53?
53
What is the greatest common divisor of 25 and 255?
5
What is the highest common factor of 1768 and 4199?
221
Calculate the greatest common factor of 117 and 5811.
39
What is the highest common factor of 29 and 841?
29
Calculate the highest common divisor of 5985 and 228.
57
What is the greatest common divisor of 32 and 112?
16
What is the greatest common divisor of 7 and 2681?
7
Calculate the greatest common factor of 2774 and 438.
146
Calculate the highest common factor of 7940 and 5.
5
Calculate the greatest common factor of 20 and 50.
10
What is the greatest common factor of 102120 and 345?
345
Calculate the highest common divisor of 12 and 78.
6
Calculate the highest common factor of 84 and 476.
28
What is the highest common divisor of 1379 and 7?
7
Calculate the highest common divisor of 10 and 110.
10
Calculate the highest common divisor of 140 and 84.
28
What is the highest common factor of 225 and 1925?
25
What is the greatest common factor of 725 and 783?
29
What is the highest common factor of 32 and 56?
8
Calculate the greatest common factor of 2 and 146.
2
What is the greatest common divisor of 182 and 637?
91
Calculate the highest common factor of 1